rime?
True
Suppose -8*q - 24 = -0. Let l(u) = u**3 + 3*u**2 - 2*u - 4. Let d be l(q). Suppose -2*j = 3*k - 0*k - 3566, -2*k - d*j = -2380. Is k a composite number?
True
Let p = -756770 - -1138083. Is p a prime number?
False
Let m = -452119 + 760992. Is m composite?
True
Suppose -25*c = -768456 - 1532369. Is c prime?
True
Let i(s) be the first derivative of 172*s**2 + 135*s - 202. Is i(31) a prime number?
True
Let g be (8 + -23)*(-2)/2. Suppose 2*r = 20*v - 18*v + 7548, -5*v + g = 0. Is r a prime number?
False
Suppose 3*n = -5*a + 40, a = -n - 2 + 10. Let o(z) be the second derivative of 35*z**3 - 29*z**2/2 + z + 22. Is o(a) a composite number?
True
Suppose -57*i = -56*i - 101995. Is i a composite number?
True
Let j = -35 + 39. Suppose c = 3, j*i + 5*c - 23 = 8. Suppose -5*r + 8*r = -4*w + 133, -i*w + 2*r = -138. Is w prime?
False
Let n be 77/33 - 2/(-3). Suppose -n*o + 300 = -5103. Is o a prime number?
True
Suppose -i - 3 = 0, -11*i + 10 = d - 13*i. Suppose -4*o = 3*v - 9681, -d*v - 6*o + 12883 = -9*o. Is v composite?
True
Let k(h) = h + 8. Let q be k(-11). Is (305977/(-7) + 4)/q prime?
False
Is (2491187/(-116))/(3/(-12)) prime?
True
Let l(j) be the first derivative of -j**2 + 5. Let z be l(-6). Let n(w) = w**3 - 9*w**2 - 14*w - 13. Is n(z) a prime number?
True
Suppose 229*p - 222*p - 189 = 0. Suppose p*u - 43350 = 382791. Is u a composite number?
True
Let q(o) be the second derivative of -1156*o**3/3 - 21*o**2/2 - 15*o. Is q(-2) prime?
True
Let r be 176/84 - (260/84 - 3). Let j = 1966 + -274. Is r*(4 - j/(-8)) a composite number?
False
Let o(u) = -20*u - 85. Let n be o(-6). Let j(i) = 10*i**3 - 4*i**2 + 4*i - 2. Let k be j(2). Let y = k - n. Is y composite?
True
Let f(g) = -2*g**3 + 8*g**2 - 6*g + 3. Let r be f(5). Let u = 163 + r. Let o = -7 + u. Is o prime?
True
Is 17 + 2175894/72 - (-3)/(36/15) prime?
False
Let y(u) = 12*u + 50. Let o be y(-4). Suppose 5*f - 3979 = -o*b, -24*f + 3978 = 2*b - 20*f. Is b a prime number?
True
Let i = 477506 - 286065. Is i a composite number?
False
Let m = -1153 - -12590. Is m a prime number?
True
Let j(q) = -47 + 142*q - 65*q - 71*q + 6*q**2. Is j(-10) a composite number?
True
Let f be (-3)/(124/(-28) + 4). Suppose -4*t = -31 + 11, y - 5*t = -16. Suppose f*r = y*r - 398. Is r a prime number?
True
Let q = -48 + 51. Suppose 0 = -16*c + 19*c + q. Is ((-4)/(-16))/((c + -2)/(-6684)) a composite number?
False
Let g be ((-21)/(-21))/(2/(-586)). Is g*((-20)/(-50) + (-14)/10) composite?
False
Let w(a) = 4*a**2 + 14*a - 19. Let y = 66 - 60. Suppose 0 = 3*b + 30 + y. Is w(b) a prime number?
True
Suppose -3*u - 1948 = 2414. Let l be (-5 - -2) + u/(-2). Let y = -329 + l. Is y composite?
True
Let o = -218 - -221. Suppose -o*w + 4886 = 1283. Is w composite?
False
Suppose 5*l + 4*k = 384314, 2*k = -42*l + 37*l + 384312. Is l a composite number?
True
Suppose -2*i - 2*r = -7574, 0 = 30*i - 25*i + 4*r - 18933. Let p = 784 + i. Is p composite?
True
Suppose 141*k - 234378 = 123*k. Is k a composite number?
True
Let p = -54 - -15. Let w = p + 39. Suppose 3*u - 6*i - 1489 = -2*i, w = -2*u - 5*i + 962. Is u a prime number?
True
Is 6/(-5) - (15 - (-12024384)/(-120)) a prime number?
False
Let m(j) be the first derivative of -89*j**4/2 + j**3/3 + j**2 + 3*j - 35. Let l be m(-1). Let x = 337 - l. Is x a composite number?
False
Suppose 12*m - 187022 = -10*m. Is m a prime number?
True
Is 2*3*(-3085823)/(-1326) composite?
False
Let q be (18/10)/(84/280). Suppose -q*j - 22996 = -10*j. Is j prime?
True
Let b be (-261)/(-9) - -1*4. Suppose -38*c + b*c = -10. Suppose -f = -4*q + 2352, -c*q + 0*q + 1158 = 4*f. Is q prime?
True
Let b = -350 - -354. Is b/(28/(-15491))*-1 a composite number?
False
Let g(r) = 717*r - 175. Is g(17) a composite number?
True
Let x(o) = -o**3 + 4*o**2 - 2*o + 1. Let c be x(3). Suppose 4*k - 6*k + c = 0. Suppose 0 = -3*f + k*f + 85. Is f a composite number?
True
Suppose 0*s = 4*s - 4. Let o be s/((2/(-6))/(-3 - -22)). Let c = o + 668. Is c prime?
False
Let j be (43245/60)/(((-9)/12)/(-1)). Let l = -470 + j. Is l composite?
False
Suppose 3*b + 7*u - 3*u = -5185, -3*b - 3*u - 5187 = 0. Let y = -528 - b. Is y a composite number?
True
Let a(y) = y**3 + 116*y**2 + 170*y - 660. Is a(-109) a prime number?
True
Suppose 3*m + 28 = -g, 140 = -6*g + g - 5*m. Let v(b) = -51*b - 61. Is v(g) composite?
False
Let z(j) = -28*j**2 - 13*j - 6. Let t(y) = y**3 - y**2 + 2. Let n be t(2). Let o be z(n). Let c = -187 - o. Is c composite?
True
Let f be (4/(-2) - -2)/(3 - 5). Suppose 18*d - 20193 - 21801 = f. Is d a prime number?
True
Suppose 2*g = a - 103289, 5*a - 159309 = 5*g + 357136. Is a prime?
True
Suppose 3*b + 6*m = 2*m + 476073, -3*b - 3*m + 476079 = 0. Is b composite?
False
Suppose -12*r + 26*r - 397783 = 175839. Is r prime?
True
Let y be 7/7 + (-18 - -3131). Suppose 8 + 2 = 5*h. Suppose 352 + y = h*d. Is d composite?
False
Let s = 66 + -52. Suppose 41648 = s*q + 2*q. Is q prime?
False
Suppose 15 = i + 2*i + 2*t, 10 = 2*i - 3*t. Let m be (-1 - -326) + (-1 - -6)/i. Suppose 2*u - 3*b = 133 + m, -3*b + 963 = 4*u. Is u a prime number?
False
Let o = -8890 - -15203. Is o a prime number?
False
Let m = 633 + 402. Let j be m + (-2)/7 + 96/42. Suppose -3*n + 1850 = 5*b + 287, 2*n + 5*b = j. Is n composite?
True
Let l(j) = 39777*j + 2071. Is l(6) prime?
True
Let x(p) be the second derivative of 2*p**5/5 + p**4/12 - p**3/3 - 2*p**2 - 16*p. Let w be x(13). Suppose 9*b = w + 3282. Is b a prime number?
True
Let w = 778 - 396. Suppose -7*l + w = -28395. Is l a composite number?
False
Let k = 23967 - 8826. Suppose -12*l = k - 241449. Is l prime?
True
Let v be (7 + 5 - -2) + 6. Is (-12)/v - (19132/(-20) - -3) prime?
True
Let b(j) = 176493*j**2 - 68*j + 68. Is b(1) prime?
False
Let j(o) = 3556*o + 3461. Is j(12) composite?
False
Let w be 104440/18 + 8/(-36). Suppose 2*a - 4*a + w = 0. Is a prime?
False
Let g(k) = 95*k**2 + 37*k - 9. Let i be g(20). Let x = 65400 - i. Is x a composite number?
False
Let a(k) = -776*k + 39. Let p be ((-36)/15)/((-3)/(-10)). Is a(p) prime?
True
Let u(w) = -w + 17. Suppose -3*b + 40 = -2*h, 0*b + 2*h = 4*b - 52. Let n be u(b). Suppose n*t - 15 = 0, m + 2*t - 156 = 3*t. Is m prime?
False
Let c(u) = -2 + 20 + 4*u**2 + 1 + u + 1. Suppose -q + 1 = 2*z, 3*q + 17 = z - 2*z. Is c(q) prime?
False
Suppose 2*r - 32 = 2*p, 2*p = -3*p - 10. Suppose 5*v = 3*h - 7, r = h - 2*v - 2*v. Let q(s) = -2*s**3 + 4*s**2 + 9*s - 1. Is q(h) a prime number?
True
Suppose -11*i = -41240 - 27301. Let j = i - 290. Is j prime?
False
Suppose -x - n - 583 = -13552, 0 = -2*x + 4*n + 25950. Suppose 0 = 3*z + 7*d - 2*d - x, 0 = 4*d + 8. Is z composite?
False
Let j be 386/(-14) + (3 - (-24)/(-7)). Is (7483/j - 2)*-4 a composite number?
True
Let z be ((-146)/8)/(3/(-1068)). Suppose 2*m - h = 4*h + z, h - 3252 = -m. Is m composite?
False
Suppose 12*o - 36 = 6*o. Suppose 0 = o*a - 4*a + 28. Is ((-719)/(-2))/((a/4)/(-7)) prime?
True
Suppose -12474 = k + 5*l, -3*k - l + 24915 = -5*k. Let f = -4328 - k. Is f a prime number?
False
Let o be 944256/60 - 2/(-5). Let i = o + -6839. Is i a composite number?
True
Let a = 4330 + -2711. Let u = a + -832. Is u a composite number?
False
Suppose 98 = -2*b + 80. Let g(w) = 47*w**2 - 15*w + 15. Is g(b) a prime number?
False
Let n(t) = 76*t**2 + 4*t - 19. Suppose -3*u - 4*w = -2*w - 16, 0 = u - 5*w - 11. Is n(u) a composite number?
False
Is 0 - 36/42 - 6652752/(-42) - 5 a prime number?
True
Let m(a) = -9*a - 4. Let w be m(0). Suppose 3*g - 3*i - 30 = 0, -4*g = g + 2*i - 36. Is (-213)/(-6)*(g + w) composite?
True
Let b(q) = -q**3 - 9*q**2 + 2*q + 18. Let r be b(-9). Suppose 14*i - 7*i + 21 = r. Is (499 - i)/((-1)/((-1)/2)) a prime number?
True
Suppose 919 = 2*l - n, -5*l + 1249 + 1052 = n. Suppose -l*k - 33410 = -470*k. Is k composite?
True
Let z(h) = 110*h**2 + 16*h + 13. Let u be z(-6). Let g = u + -1604. Let p = g + 1422. Is p prime?
False
Is 1/(-10)*(-279 - -211)*10610/4 a prime number?
False
Suppose 464781 + 2004049 = 132*y + 3202. Is y a composite number?
False
Suppose -1424 = 4*l - 3*o, 0 = 4*l + 2*o - 3*o + 1416. Let v = l + -341. Is v/(-30) + 6/(-45) prime?
True
Suppose 614*l + 117173 = 481*l. Suppose -m - 3909 = -4*m. Let x = l + m. Is x prime?
False
Let g(y) = 10*y**2 + 161*y + 4646. Is g(-24) composite?
True
Suppos